base 16) in base 10?
-158413
101000110110011011110 (base 2) to base 13
37b386
What is -133ba1b (base 12) in base 7?
-44266625
-19199 (base 11) to base 6
-324145
Convert 312160 (base 8) to base 4.
121101300
What is 21100025 (base 8) in base 3?
22110002002001
What is -9c247 (base 15) in base 13?
-145093
-32100220112 (base 4) to base 3
-21000220202102
Convert 10032031122 (base 4) to base 16.
10e35a
Convert -21220122102 (base 4) to base 2.
-1001101000011010010010
-1101110100001001111000 (base 2) to base 5
-1411341441
-33b15 (base 16) to base 2
-110011101100010101
What is 1011000020200 (base 3) in base 11?
387627
Convert -1014233452 (base 6) to base 10.
-10564520
What is -81332a7 (base 11) in base 13?
-2c97165
Convert -2312101 (base 4) to base 2.
-10110110010001
Convert -10323111322 (base 5) to base 7.
-163504336
-222597 (base 11) to base 9
-600564
21020333133 (base 4) to base 8
11107737
-3537672 (base 8) to base 15
-1415e1
Convert -1234062 (base 7) to base 16.
-2708a
Convert 24aa838 (base 11) to base 8.
20454227
What is -4267171 (base 8) in base 9?
-2131055
Convert -b0a09c (base 16) to base 7.
-200250450
What is 58550a (base 12) in base 10?
1419418
Convert -5c9c7 (base 15) to base 14.
-79b53
4537535 (base 9) to base 14
4796ac
20ca320 (base 13) to base 8
46160045
Convert 22011203 (base 5) to base 14.
4c8a3
-101406 (base 13) to base 16
-5b59c
Convert -34434 (base 5) to base 6.
-15314
Convert -1330220320 (base 4) to base 7.
-4224253
Convert -10000111010000001100 (base 2) to base 14.
-105c72
-66203003 (base 7) to base 10
-5681798
What is 10201102012 (base 4) in base 13?
326434
Convert -1989806 (base 10) to base 14.
-39b210
Convert -36552 (base 14) to base 3.
-20202010012
Convert 1904603 (base 10) to base 8.
7207733
6aa18 (base 11) to base 8
307761
Convert 2003002031 (base 4) to base 5.
114133332
Convert -8ea (base 16) to base 12.
-13a2
253112 (base 13) to base 15
12952b
94211a (base 11) to base 13
40b8a6
What is -10134843 (base 9) in base 16?
-4a3d18
What is -a3083b (base 16) in base 8?
-50604073
1110011001111000 (base 2) to base 3
2222221012
-122b25 (base 13) to base 10
-434699
Convert -210372 (base 16) to base 4.
-20100031302
-3523040 (base 7) to base 10
-442841
-12651032 (base 7) to base 2
-100011110001001010110
What is 192824 (base 13) in base 5?
130242433
80412 (base 12) to base 8
505116
What is 120231101 (base 4) in base 5?
11214301
-3273a66 (base 11) to base 3
-101210212001000
What is a609c (base 13) in base 16?
48fa9
Convert 1010101010100001011 (base 2) to base 7.
2653544
Convert 401231 (base 8) to base 11.
8aa81
183a69 (base 11) to base 12
118055
c1029 (base 16) to base 2
11000001000000101001
Convert -486057 (base 15) to base 4.
-31031122300
-203020330 (base 4) to base 7
-1136425
-3111103322 (base 4) to base 12
-361762
11101202212110 (base 3) to base 8
10726017
-16a65 (base 11) to base 9
-35714
Convert 1000211012022 (base 3) to base 15.
ac3d2
Convert 887340 (base 11) to base 13.
3a7242
-17295 (base 16) to base 3
-11211010200
What is -10203103 (base 6) in base 13?
-a4a69
1234670 (base 9) to base 11
41a444
Convert 421010 (base 5) to base 9.
21032
-411120 (base 6) to base 5
-2021124
310a8 (base 15) to base 2
100101111100010000
What is -1212200020020 (base 3) in base 10?
-997440
144110442 (base 5) to base 14
160601
Convert 110644 (base 7) to base 16.
4c4e
Convert -331123131 (base 4) to base 14.
-679a5
100001012001 (base 3) to base 16
2b75c
What is 221702 (base 11) in base 10?
353564
What is 1bb7a3a (base 13) in base 4?
203100123101
-b08173 (base 15) to base 10
-8380458
Convert 649273 (base 15) to base 4.
102101112303
Convert 20651a (base 13) to base 7.
6300636
-9a44c4 (base 13) to base 8
-15677207
-41542165 (base 7) to base 11
-1a85323
1223010222 (base 4) to base 8
1530452
What is 172018 (base 9) in base 10?
106451
-120133102 (base 4) to base 13
-3686b
What is 10010001011011011101111 (base 2) in base 9?
8862834
-100122112110 (base 3) to base 8
-562752
Convert 212811 (base 9) to base 7.
1035415
1c372 (base 15) to base 16
16703
Convert 12939 (base 16) to base 10.
76089
-33d87e (base 15) to base 8
-11343422
-30222233 (base 4) to base 6
-1040115
-130212004 (base 5) to base 12
-265995
What is -673306 (base 8) in base 7?
-1633564
What is 4157656 (base 8) in base 4?
10031332232
Convert 153267 (base 11) to base 15.
4aa44
What is 283152 (base 10) in base 7?
2256342
Convert 134463 (base 7) to base 13.
b880
ad788e (base 15) to base 2
11111100100110110111010
3605020 (base 8) to base 14
1b9292
What is 13ad8a3 (base 15) in base 4?
312033320130
Convert 40605 (base 10) to base 11.
28564
Convert -1288597 (base 14) to base 6.
-515304225
-2401204 (base 9) to base 8
-4753005
-15f9a (base 16) to base 14
-24b34
What is 3c5b (base 15) in base 13?
5b52
Convert -212112200201200 (base 3) to base 10.
-12512358
Convert -501320 (base 7) to base 13.
-2c630
Convert -2498564 (base 11) to base 6.
-232452122
What is -3332224 (base 5) in base 8?
-162107
Convert 3213315 (base 6) to base 2.
100110011110001111
200033434 (base 5) to base 7
6442414
7051213 (base 8) to base 16
1c528b
Convert -1011550 (base 8) to base 13.
-94771
-443a5 (base 14) to base 13
-5a370
Convert 102002331 (base 4) to base 8.
220275
Convert b (base 14) to base 12.
b
-94c65 (base 13) to base 6
-5424300
Convert 214a258 (base 12) to base 10.
6321380
What is 1040230141 (base 5) in base 12?
917a30
-100101111011011000101 (base 2) to base 12
-4bb285
What is -3255312 (base 8) in base 4?
-3111223022
What is 440253 (base 6) in base 15?
abb3
Convert -3234204311 (base 5) to base 2.
-11010011111011001001011
Convert -a76712 (base 11) to base 2.
-110100100010111110011
-112113022 (base 5) to base 11
-314847
What is -394ab1 (base 13) in base 9?
-2535115
Convert -3166336 (base 8) to base 16.
-cecde
What is 122220350 (base 6) in base 15?
31693c
-22348030 (base 9) to base 11
-6132891
47451334 (base 8) to base 13
21c39b2
-627a (base 15) to base 8
-50517
-121120010211121 (base 3) to base 16
-864b4a
What is 52fa8 (base 16) in base 6?
11141304
What is c49c9 (base 14) in base 5?
110131114
-1000011010000011101111 (base 2) to base 5
-1031011022
Convert -31366 (base 9) to base 2.
-101000011101011
-1213266 (base 7) to base 6
-3152503
What is -22203222 (base 4) in base 14?
-11a8a
1673116 (base 12) to base 4
101222033202
Convert -12a4da (base 14) to base 10.
-643072
Convert -1c71c0 (base 15) to base 9.
-2548860
What is 3110332 (base 4) in base 3?
200200211
Convert -11122212222121 (base 3) to base 12.
-9b5b44
Convert 823309 (base 13) to base 11.
1792a13
What is 13233032322 (base 4) in base 12?
819a76
What is 456753 (base 9) in base 10?
273990
What is 1b077 (base 15) in base 7?
514105
Convert -14433411 (base 5) to base 13.
-55a01
What is 5562560 (base 7) in base 14?
13c867
What is -12201102201100 (base 3) in base 9?
-5642640
Convert 2476354 (base 8) to base 4.
2213303230
What is -764333 (base 12) in base 16?
-1c96d7
-108864 (base 10) to base 15
-223c9
Convert 942819 (base 10) to base 16.
e62e3
Convert -22001202110 (base 3) to base 7.
-1230546
What is -124 (base 8) in base 5?
-314
301130214 (base 5) to base 11
744a95
What is -100010000001111111 (base 2) in base 12?
-687bb
Convert 11010011101111011010111 (base 2) to base 3.
111001111121002
What is -d6dee (base 16) in base 9?
-1581250
-121000122222 (base 3) to base 9
-530588
-44125aa (base 11) to base 9
-15518817
What is b9a16 (base 13) in base 9?
561377
-8901 (base 13) to base 9
-28170
What is 208276 (base 9) in base 2?
11110010100000001
What is 122011223123 (base 4) in base 10?
6839003
What is 6112224 (base 7) in base 10?
725904
440042140 (base 5) to base 6
104125255
What is 52a343 (base 12) in base 11?
810295
-107757 (base 13) to base 10
-387927
-5705341 (base 8) to base 10
-1542881
-5513215 (base 10) to base 9
-11332634
99c67 (base 14) to base 4
1123002103
Convert -5706a3 (base 14) to base 7.
-34103563
213001033 (base 4) to base 15
3254d
What is 3053537 (base 8) in base 11?
502732
-8b9060 (base 16) to base 2
-100010111001000001100000
7620258 (base 9) to base 5
2021301333
Convert -6b7b79 (base 12) to base 15.
-244076
Convert -39f6 (base 16) to base 4.
-3213312
-747777 (base 9) to base 3
-211121212121
What is -10c3a (base 16) in base 5?
-4144131
Convert -6832322 (base 9) to base 8.
-16030212